{"id":1069,"date":"2023-07-06T20:24:49","date_gmt":"2023-07-07T02:24:49","guid":{"rendered":"https:\/\/grupomaspaq.com\/blog\/?page_id=1069"},"modified":"2023-07-06T20:32:09","modified_gmt":"2023-07-07T02:32:09","slug":"mantenimiento-en-equipo-de-computo-grupo-maspaq","status":"publish","type":"page","link":"https:\/\/grupomaspaq.com\/blog\/mantenimiento-en-equipo-de-computo-grupo-maspaq\/","title":{"rendered":"Mantenimiento en Equipo de C\u00f3mputo."},"content":{"rendered":"\t\t<div data-elementor-type=\"wp-page\" data-elementor-id=\"1069\" class=\"elementor elementor-1069\">\n\t\t\t\t\t\t<section class=\"elementor-section elementor-top-section elementor-element elementor-element-09f1f03 elementor-section-boxed elementor-section-height-default elementor-section-height-default\" data-id=\"09f1f03\" data-element_type=\"section\">\n\t\t\t\t\t\t<div class=\"elementor-container elementor-column-gap-default\">\n\t\t\t\t\t<div class=\"elementor-column elementor-col-100 elementor-top-column elementor-element elementor-element-4d06876\" data-id=\"4d06876\" data-element_type=\"column\">\n\t\t\t<div class=\"elementor-widget-wrap elementor-element-populated\">\n\t\t\t\t\t\t<div class=\"elementor-element elementor-element-9ba2298 elementor-widget elementor-widget-heading\" data-id=\"9ba2298\" data-element_type=\"widget\" data-settings=\"{&quot;ep_notation_active&quot;:&quot;yes&quot;,&quot;ep_notation_list&quot;:[{&quot;_id&quot;:&quot;222dadf&quot;,&quot;ep_notation_bracket_on&quot;:null,&quot;ep_notation_select_type&quot;:&quot;widget&quot;,&quot;ep_notation_custom_selector&quot;:null,&quot;ep_notation_type&quot;:&quot;underline&quot;,&quot;ep_notation_color&quot;:&quot;&quot;,&quot;ep_notation_anim_duration&quot;:{&quot;unit&quot;:&quot;px&quot;,&quot;size&quot;:800,&quot;sizes&quot;:[]},&quot;ep_notation_stroke_width&quot;:{&quot;unit&quot;:&quot;px&quot;,&quot;size&quot;:1,&quot;sizes&quot;:[]},&quot;ep_notation_waypoint_offset&quot;:&quot;&quot;}]}\" data-widget_type=\"heading.default\">\n\t\t\t\t\t<h1 class=\"elementor-heading-title elementor-size-default\"><p style=\"margin-bottom: 15pt;background-image: initial;background-position: initial;background-size: initial;background-repeat: initial;background-attachment: initial;vertical-align: baseline\"><b><span style=\"font-size:18.0pt;font-family:Montserrat;color:black\">Mantenimiento en Equipo de C\u00f3mputo.<\/span><\/b><span style=\"letter-spacing: -0.05em\"><\/span><\/p><\/h1>\t\t\t\t<\/div>\n\t\t\t\t\t<\/div>\n\t\t<\/div>\n\t\t\t\t\t<\/div>\n\t\t<\/section>\n\t\t\t\t<section class=\"elementor-section elementor-top-section elementor-element elementor-element-e2c48f3 elementor-section-boxed elementor-section-height-default elementor-section-height-default\" data-id=\"e2c48f3\" data-element_type=\"section\">\n\t\t\t\t\t\t<div class=\"elementor-container elementor-column-gap-default\">\n\t\t\t\t\t<div class=\"elementor-column elementor-col-100 elementor-top-column elementor-element elementor-element-9ebc52b\" data-id=\"9ebc52b\" data-element_type=\"column\">\n\t\t\t<div class=\"elementor-widget-wrap elementor-element-populated\">\n\t\t\t\t\t\t<div class=\"elementor-element elementor-element-18b4563 elementor-widget elementor-widget-text-editor\" data-id=\"18b4563\" data-element_type=\"widget\" data-widget_type=\"text-editor.default\">\n\t\t\t\t\t\t\t\t\t<p style=\"margin-bottom: 15pt; line-height: normal; background-image: initial; background-position: initial; background-size: initial; background-repeat: initial; background-attachment: initial; background-origin: initial; background-clip: initial; vertical-align: baseline;\"><span style=\"font-size: 10.0pt; font-family: 'Times New Roman',serif; mso-fareast-font-family: 'Times New Roman'; mso-fareast-language: ES-MX;\">En Grupo MasPAQ nos preocupamos por el bienestar de tus equipos, por lo que nosotros te ayudamos a prevenir un posible fallo en tu equipo ofreci\u00e9ndote lo siguiente:<\/span><\/p><p style=\"margin-bottom: 0.0001pt; line-height: normal; background-image: initial; background-position: initial; background-size: initial; background-repeat: initial; background-attachment: initial; background-origin: initial; background-clip: initial; vertical-align: baseline;\"><b><span style=\"font-size: 10.0pt; font-family: 'inherit',serif; mso-fareast-font-family: 'Times New Roman'; mso-bidi-font-family: 'Times New Roman'; color: black; border: none windowtext 1.0pt; mso-border-alt: none windowtext 0cm; padding: 0cm; mso-fareast-language: ES-MX;\">Mantenimiento Preventivo<\/span><\/b><span style=\"font-size: 10.0pt; font-family: Montserrat; mso-fareast-font-family: 'Times New Roman'; mso-bidi-font-family: 'Times New Roman'; color: #676767; mso-fareast-language: ES-MX;\"><br \/><\/span><span style=\"font-size: 10.0pt; font-family: 'Times New Roman',serif; mso-fareast-font-family: 'Times New Roman'; mso-fareast-language: ES-MX;\">Te prevenimos de una posible falla debido a la mala disipaci\u00f3n del calor, por lo que muchas veces esta es ocasionada por el polvo alojado en los componentes que conforman tus equipos.<\/span><\/p><p style=\"margin-bottom: 15pt; line-height: normal; background-image: initial; background-position: initial; background-size: initial; background-repeat: initial; background-attachment: initial; background-origin: initial; background-clip: initial; vertical-align: baseline;\"><span style=\"font-size: 10.0pt; font-family: 'Times New Roman',serif; mso-fareast-font-family: 'Times New Roman'; mso-fareast-language: ES-MX;\">Adem\u00e1s te ayudamos a prolongar la vida \u00fatil de tus equipos y hacer que permanezcan libres de reparaciones durante muchos a\u00f1os; para esto se debe de hacer la limpieza con frecuencia.<\/span><\/p><p style=\"margin-bottom: 0.0001pt; line-height: normal; background-image: initial; background-position: initial; background-size: initial; background-repeat: initial; background-attachment: initial; background-origin: initial; background-clip: initial; vertical-align: baseline;\"><b><span style=\"font-size: 10.0pt; font-family: 'inherit',serif; mso-fareast-font-family: 'Times New Roman'; mso-bidi-font-family: 'Times New Roman'; color: black; border: none windowtext 1.0pt; mso-border-alt: none windowtext 0cm; padding: 0cm; mso-fareast-language: ES-MX;\">Mantenimiento Correctivo<\/span><\/b><span style=\"font-size: 10.0pt; font-family: Montserrat; mso-fareast-font-family: 'Times New Roman'; mso-bidi-font-family: 'Times New Roman'; color: #676767; mso-fareast-language: ES-MX;\"><br \/><\/span><span style=\"font-size: 10.0pt; font-family: 'Times New Roman',serif; mso-fareast-font-family: 'Times New Roman'; mso-fareast-language: ES-MX;\">La estabilidad de un sistema es esencial para un buen funcionamiento y rendimiento del equipo.<br \/>En PC Express te ofrecemos:<\/span><\/p><p style=\"margin-bottom: .0001pt; line-height: normal;\"><span style=\"font-size: 10.0pt; font-family: Symbol; mso-ascii-font-family: 'Times New Roman'; mso-fareast-font-family: 'Times New Roman'; mso-bidi-font-family: 'Times New Roman'; mso-fareast-language: ES-MX;\">\u00b7<\/span><span style=\"font-size: 10.0pt; font-family: 'Times New Roman',serif; mso-fareast-font-family: 'Times New Roman'; mso-fareast-language: ES-MX;\">\u00a0 Reconfiguraci\u00f3n de la pc y sus principales programas que utiliza.<\/span><\/p><p style=\"margin-bottom: .0001pt; line-height: normal;\"><span style=\"font-size: 10.0pt; font-family: Symbol; mso-ascii-font-family: 'Times New Roman'; mso-fareast-font-family: 'Times New Roman'; mso-bidi-font-family: 'Times New Roman'; mso-fareast-language: ES-MX;\">\u00b7<\/span><span style=\"font-size: 10.0pt; font-family: 'Times New Roman',serif; mso-fareast-font-family: 'Times New Roman'; mso-fareast-language: ES-MX;\">\u00a0 Revisi\u00f3n de los recursos del sistema, memoria, procesador y disco duro.<\/span><\/p><p style=\"margin-bottom: .0001pt; line-height: normal;\"><span style=\"font-size: 10.0pt; font-family: Symbol; mso-ascii-font-family: 'Times New Roman'; mso-fareast-font-family: 'Times New Roman'; mso-bidi-font-family: 'Times New Roman'; mso-fareast-language: ES-MX;\">\u00b7<\/span><span style=\"font-size: 10.0pt; font-family: 'Times New Roman',serif; mso-fareast-font-family: 'Times New Roman'; mso-fareast-language: ES-MX;\">\u00a0 Eliminaci\u00f3n de virus especializada.<\/span><\/p><p style=\"margin-bottom: .0001pt; line-height: normal;\"><span style=\"font-size: 10.0pt; font-family: Symbol; mso-ascii-font-family: 'Times New Roman'; mso-fareast-font-family: 'Times New Roman'; mso-bidi-font-family: 'Times New Roman'; mso-fareast-language: ES-MX;\">\u00b7<\/span><span style=\"font-size: 10.0pt; font-family: 'Times New Roman',serif; mso-fareast-font-family: 'Times New Roman'; mso-fareast-language: ES-MX;\">\u00a0 Optimizaci\u00f3n de la velocidad de desempe\u00f1o de la computadora.<\/span><\/p><p><span style=\"font-size: 10.0pt; line-height: 107%; font-family: Symbol; mso-ascii-font-family: 'Times New Roman'; mso-fareast-font-family: 'Times New Roman'; mso-bidi-font-family: 'Times New Roman'; mso-ansi-language: ES-MX; mso-fareast-language: ES-MX; mso-bidi-language: AR-SA;\">\u00b7<\/span><span style=\"font-size: 10.0pt; line-height: 107%; font-family: 'Times New Roman',serif; mso-fareast-font-family: 'Times New Roman'; mso-ansi-language: ES-MX; mso-fareast-language: ES-MX; mso-bidi-language: AR-SA;\">\u00a0 Revisi\u00f3n de la instalaci\u00f3n el\u00e9ctrica<\/span><\/p><p><span style=\"font-size: 10.0pt; line-height: 107%; font-family: 'Times New Roman',serif; mso-fareast-font-family: 'Times New Roman'; mso-ansi-language: ES-MX; mso-fareast-language: ES-MX; mso-bidi-language: AR-SA;\"><img fetchpriority=\"high\" decoding=\"async\" class=\"wp-image-1072 aligncenter\" src=\"https:\/\/grupomaspaq.com\/blog\/wp-content\/uploads\/2023\/07\/mantenimiento-de-ordenadores-grupo-maspaq-laptops-en-puerto-vallarta.jpg\" alt=\"\" width=\"280\" height=\"210\" srcset=\"https:\/\/grupomaspaq.com\/blog\/wp-content\/uploads\/2023\/07\/mantenimiento-de-ordenadores-grupo-maspaq-laptops-en-puerto-vallarta.jpg 625w, https:\/\/grupomaspaq.com\/blog\/wp-content\/uploads\/2023\/07\/mantenimiento-de-ordenadores-grupo-maspaq-laptops-en-puerto-vallarta-300x225.jpg 300w\" sizes=\"(max-width: 280px) 100vw, 280px\" \/><\/span><\/p>\t\t\t\t\t\t\t\t<\/div>\n\t\t\t\t\t<\/div>\n\t\t<\/div>\n\t\t\t\t\t<\/div>\n\t\t<\/section>\n\t\t\t\t<\/div>\n\t\t<!-- AddThis Advanced Settings generic via filter on the_content --><!-- AddThis Share Buttons generic via filter on the_content -->","protected":false},"excerpt":{"rendered":"<p>Mantenimiento en Equipo de C\u00f3mputo. En Grupo MasPAQ nos preocupamos por el bienestar de tus equipos, por lo que nosotros te ayudamos a prevenir un posible fallo en tu equipo ofreci\u00e9ndote lo siguiente: Mantenimiento PreventivoTe prevenimos de una posible falla debido a la mala disipaci\u00f3n del calor, por lo que muchas veces esta es ocasionada [&hellip;]<!-- AddThis Advanced Settings generic via filter on get_the_excerpt --><!-- AddThis Share Buttons generic via filter on get_the_excerpt --><\/p>\n","protected":false},"author":1,"featured_media":1080,"parent":0,"menu_order":0,"comment_status":"closed","ping_status":"closed","template":"","meta":{"_bbp_topic_count":0,"_bbp_reply_count":0,"_bbp_total_topic_count":0,"_bbp_total_reply_count":0,"_bbp_voice_count":0,"_bbp_anonymous_reply_count":0,"_bbp_topic_count_hidden":0,"_bbp_reply_count_hidden":0,"_bbp_forum_subforum_count":0,"footnotes":""},"class_list":["post-1069","page","type-page","status-publish","has-post-thumbnail","hentry"],"yoast_head":"<!-- This site is optimized with the Yoast SEO plugin v24.5 - https:\/\/yoast.com\/wordpress\/plugins\/seo\/ -->\n<title>Mantenimiento en Equipo de C\u00f3mputo.Mantenimiento computo<\/title>\n<meta name=\"description\" content=\"Mantenimiento en Equipo de C\u00f3mputo. En Grupo MasPAQ nos preocupamos por el bienestar de tus equipos, por lo que nosotros te ayudamos a prevenir un posible En Grupo MasPAQ nos preocupamos por el bienestar de tus equipos, por lo que nosotros te ayudamos a prevenir un posible fallo en tu equipo\" \/>\n<meta name=\"robots\" content=\"index, follow, max-snippet:-1, max-image-preview:large, max-video-preview:-1\" \/>\n<link rel=\"canonical\" href=\"https:\/\/grupomaspaq.com\/blog\/mantenimiento-en-equipo-de-computo-grupo-maspaq\/\" \/>\n<meta property=\"og:locale\" content=\"es_ES\" \/>\n<meta property=\"og:type\" content=\"article\" \/>\n<meta property=\"og:title\" content=\"Mantenimiento en Equipo de C\u00f3mputo.Mantenimiento computo\" \/>\n<meta property=\"og:description\" content=\"Mantenimiento en Equipo de C\u00f3mputo. En Grupo MasPAQ nos preocupamos por el bienestar de tus equipos, por lo que nosotros te ayudamos a prevenir un posible En Grupo MasPAQ nos preocupamos por el bienestar de tus equipos, por lo que nosotros te ayudamos a prevenir un posible fallo en tu equipo\" \/>\n<meta property=\"og:url\" content=\"https:\/\/grupomaspaq.com\/blog\/mantenimiento-en-equipo-de-computo-grupo-maspaq\/\" \/>\n<meta property=\"og:site_name\" content=\"Tienda Oficial Grupo MasPAQ\" \/>\n<meta property=\"article:modified_time\" content=\"2023-07-07T02:32:09+00:00\" \/>\n<meta property=\"og:image\" content=\"https:\/\/grupomaspaq.com\/blog\/wp-content\/uploads\/2023\/07\/mantenimiento-de-computadoras-en-puerto-vallarta-grupo-maspaq.jpg\" \/>\n\t<meta property=\"og:image:width\" content=\"600\" \/>\n\t<meta property=\"og:image:height\" content=\"400\" \/>\n\t<meta property=\"og:image:type\" content=\"image\/jpeg\" \/>\n<meta name=\"twitter:card\" content=\"summary_large_image\" \/>\n<meta name=\"twitter:label1\" content=\"Tiempo de lectura\" \/>\n\t<meta name=\"twitter:data1\" content=\"1 minuto\" \/>\n<script type=\"application\/ld+json\" class=\"yoast-schema-graph\">{\"@context\":\"https:\/\/schema.org\",\"@graph\":[{\"@type\":\"WebPage\",\"@id\":\"https:\/\/grupomaspaq.com\/blog\/mantenimiento-en-equipo-de-computo-grupo-maspaq\/\",\"url\":\"https:\/\/grupomaspaq.com\/blog\/mantenimiento-en-equipo-de-computo-grupo-maspaq\/\",\"name\":\"Mantenimiento en Equipo de C\u00f3mputo.Mantenimiento computo\",\"isPartOf\":{\"@id\":\"https:\/\/grupomaspaq.com\/blog\/#website\"},\"primaryImageOfPage\":{\"@id\":\"https:\/\/grupomaspaq.com\/blog\/mantenimiento-en-equipo-de-computo-grupo-maspaq\/#primaryimage\"},\"image\":{\"@id\":\"https:\/\/grupomaspaq.com\/blog\/mantenimiento-en-equipo-de-computo-grupo-maspaq\/#primaryimage\"},\"thumbnailUrl\":\"https:\/\/grupomaspaq.com\/blog\/wp-content\/uploads\/2023\/07\/mantenimiento-de-computadoras-en-puerto-vallarta-grupo-maspaq.jpg\",\"datePublished\":\"2023-07-07T02:24:49+00:00\",\"dateModified\":\"2023-07-07T02:32:09+00:00\",\"description\":\"Mantenimiento en Equipo de C\u00f3mputo. En Grupo MasPAQ nos preocupamos por el bienestar de tus equipos, por lo que nosotros te ayudamos a prevenir un posible En Grupo MasPAQ nos preocupamos por el bienestar de tus equipos, por lo que nosotros te ayudamos a prevenir un posible fallo en tu equipo\",\"breadcrumb\":{\"@id\":\"https:\/\/grupomaspaq.com\/blog\/mantenimiento-en-equipo-de-computo-grupo-maspaq\/#breadcrumb\"},\"inLanguage\":\"es\",\"potentialAction\":[{\"@type\":\"ReadAction\",\"target\":[\"https:\/\/grupomaspaq.com\/blog\/mantenimiento-en-equipo-de-computo-grupo-maspaq\/\"]}]},{\"@type\":\"ImageObject\",\"inLanguage\":\"es\",\"@id\":\"https:\/\/grupomaspaq.com\/blog\/mantenimiento-en-equipo-de-computo-grupo-maspaq\/#primaryimage\",\"url\":\"https:\/\/grupomaspaq.com\/blog\/wp-content\/uploads\/2023\/07\/mantenimiento-de-computadoras-en-puerto-vallarta-grupo-maspaq.jpg\",\"contentUrl\":\"https:\/\/grupomaspaq.com\/blog\/wp-content\/uploads\/2023\/07\/mantenimiento-de-computadoras-en-puerto-vallarta-grupo-maspaq.jpg\",\"width\":600,\"height\":400,\"caption\":\"Mantenimientos computadora laptop puerto vallarta bahia de banderas grupo maspaq\"},{\"@type\":\"BreadcrumbList\",\"@id\":\"https:\/\/grupomaspaq.com\/blog\/mantenimiento-en-equipo-de-computo-grupo-maspaq\/#breadcrumb\",\"itemListElement\":[{\"@type\":\"ListItem\",\"position\":1,\"name\":\"Portada\",\"item\":\"https:\/\/grupomaspaq.com\/blog\/\"},{\"@type\":\"ListItem\",\"position\":2,\"name\":\"Mantenimiento en Equipo de C\u00f3mputo.\"}]},{\"@type\":\"WebSite\",\"@id\":\"https:\/\/grupomaspaq.com\/blog\/#website\",\"url\":\"https:\/\/grupomaspaq.com\/blog\/\",\"name\":\"Tienda Oficial Grupo MasPAQ\",\"description\":\"Productos y Servicios de Contpaqi, Soft Restaurant, Computo y m\u00e1s.\",\"publisher\":{\"@id\":\"https:\/\/grupomaspaq.com\/blog\/#organization\"},\"potentialAction\":[{\"@type\":\"SearchAction\",\"target\":{\"@type\":\"EntryPoint\",\"urlTemplate\":\"https:\/\/grupomaspaq.com\/blog\/?s={search_term_string}\"},\"query-input\":{\"@type\":\"PropertyValueSpecification\",\"valueRequired\":true,\"valueName\":\"search_term_string\"}}],\"inLanguage\":\"es\"},{\"@type\":\"Organization\",\"@id\":\"https:\/\/grupomaspaq.com\/blog\/#organization\",\"name\":\"Tienda Oficial Grupo MasPAQ\",\"url\":\"https:\/\/grupomaspaq.com\/blog\/\",\"logo\":{\"@type\":\"ImageObject\",\"inLanguage\":\"es\",\"@id\":\"https:\/\/grupomaspaq.com\/blog\/#\/schema\/logo\/image\/\",\"url\":\"https:\/\/grupomaspaq.com\/blog\/wp-content\/uploads\/2023\/02\/cropped-logo-grupo-maspaq-512-x-512.jpg\",\"contentUrl\":\"https:\/\/grupomaspaq.com\/blog\/wp-content\/uploads\/2023\/02\/cropped-logo-grupo-maspaq-512-x-512.jpg\",\"width\":512,\"height\":512,\"caption\":\"Tienda Oficial Grupo MasPAQ\"},\"image\":{\"@id\":\"https:\/\/grupomaspaq.com\/blog\/#\/schema\/logo\/image\/\"}}]}<\/script>\n<!-- \/ Yoast SEO plugin. -->","yoast_head_json":{"title":"Mantenimiento en Equipo de C\u00f3mputo.Mantenimiento computo","description":"Mantenimiento en Equipo de C\u00f3mputo. En Grupo MasPAQ nos preocupamos por el bienestar de tus equipos, por lo que nosotros te ayudamos a prevenir un posible En Grupo MasPAQ nos preocupamos por el bienestar de tus equipos, por lo que nosotros te ayudamos a prevenir un posible fallo en tu equipo","robots":{"index":"index","follow":"follow","max-snippet":"max-snippet:-1","max-image-preview":"max-image-preview:large","max-video-preview":"max-video-preview:-1"},"canonical":"https:\/\/grupomaspaq.com\/blog\/mantenimiento-en-equipo-de-computo-grupo-maspaq\/","og_locale":"es_ES","og_type":"article","og_title":"Mantenimiento en Equipo de C\u00f3mputo.Mantenimiento computo","og_description":"Mantenimiento en Equipo de C\u00f3mputo. En Grupo MasPAQ nos preocupamos por el bienestar de tus equipos, por lo que nosotros te ayudamos a prevenir un posible En Grupo MasPAQ nos preocupamos por el bienestar de tus equipos, por lo que nosotros te ayudamos a prevenir un posible fallo en tu equipo","og_url":"https:\/\/grupomaspaq.com\/blog\/mantenimiento-en-equipo-de-computo-grupo-maspaq\/","og_site_name":"Tienda Oficial Grupo MasPAQ","article_modified_time":"2023-07-07T02:32:09+00:00","og_image":[{"width":600,"height":400,"url":"https:\/\/grupomaspaq.com\/blog\/wp-content\/uploads\/2023\/07\/mantenimiento-de-computadoras-en-puerto-vallarta-grupo-maspaq.jpg","type":"image\/jpeg"}],"twitter_card":"summary_large_image","twitter_misc":{"Tiempo de lectura":"1 minuto"},"schema":{"@context":"https:\/\/schema.org","@graph":[{"@type":"WebPage","@id":"https:\/\/grupomaspaq.com\/blog\/mantenimiento-en-equipo-de-computo-grupo-maspaq\/","url":"https:\/\/grupomaspaq.com\/blog\/mantenimiento-en-equipo-de-computo-grupo-maspaq\/","name":"Mantenimiento en Equipo de C\u00f3mputo.Mantenimiento computo","isPartOf":{"@id":"https:\/\/grupomaspaq.com\/blog\/#website"},"primaryImageOfPage":{"@id":"https:\/\/grupomaspaq.com\/blog\/mantenimiento-en-equipo-de-computo-grupo-maspaq\/#primaryimage"},"image":{"@id":"https:\/\/grupomaspaq.com\/blog\/mantenimiento-en-equipo-de-computo-grupo-maspaq\/#primaryimage"},"thumbnailUrl":"https:\/\/grupomaspaq.com\/blog\/wp-content\/uploads\/2023\/07\/mantenimiento-de-computadoras-en-puerto-vallarta-grupo-maspaq.jpg","datePublished":"2023-07-07T02:24:49+00:00","dateModified":"2023-07-07T02:32:09+00:00","description":"Mantenimiento en Equipo de C\u00f3mputo. En Grupo MasPAQ nos preocupamos por el bienestar de tus equipos, por lo que nosotros te ayudamos a prevenir un posible En Grupo MasPAQ nos preocupamos por el bienestar de tus equipos, por lo que nosotros te ayudamos a prevenir un posible fallo en tu equipo","breadcrumb":{"@id":"https:\/\/grupomaspaq.com\/blog\/mantenimiento-en-equipo-de-computo-grupo-maspaq\/#breadcrumb"},"inLanguage":"es","potentialAction":[{"@type":"ReadAction","target":["https:\/\/grupomaspaq.com\/blog\/mantenimiento-en-equipo-de-computo-grupo-maspaq\/"]}]},{"@type":"ImageObject","inLanguage":"es","@id":"https:\/\/grupomaspaq.com\/blog\/mantenimiento-en-equipo-de-computo-grupo-maspaq\/#primaryimage","url":"https:\/\/grupomaspaq.com\/blog\/wp-content\/uploads\/2023\/07\/mantenimiento-de-computadoras-en-puerto-vallarta-grupo-maspaq.jpg","contentUrl":"https:\/\/grupomaspaq.com\/blog\/wp-content\/uploads\/2023\/07\/mantenimiento-de-computadoras-en-puerto-vallarta-grupo-maspaq.jpg","width":600,"height":400,"caption":"Mantenimientos computadora laptop puerto vallarta bahia de banderas grupo maspaq"},{"@type":"BreadcrumbList","@id":"https:\/\/grupomaspaq.com\/blog\/mantenimiento-en-equipo-de-computo-grupo-maspaq\/#breadcrumb","itemListElement":[{"@type":"ListItem","position":1,"name":"Portada","item":"https:\/\/grupomaspaq.com\/blog\/"},{"@type":"ListItem","position":2,"name":"Mantenimiento en Equipo de C\u00f3mputo."}]},{"@type":"WebSite","@id":"https:\/\/grupomaspaq.com\/blog\/#website","url":"https:\/\/grupomaspaq.com\/blog\/","name":"Tienda Oficial Grupo MasPAQ","description":"Productos y Servicios de Contpaqi, Soft Restaurant, Computo y m\u00e1s.","publisher":{"@id":"https:\/\/grupomaspaq.com\/blog\/#organization"},"potentialAction":[{"@type":"SearchAction","target":{"@type":"EntryPoint","urlTemplate":"https:\/\/grupomaspaq.com\/blog\/?s={search_term_string}"},"query-input":{"@type":"PropertyValueSpecification","valueRequired":true,"valueName":"search_term_string"}}],"inLanguage":"es"},{"@type":"Organization","@id":"https:\/\/grupomaspaq.com\/blog\/#organization","name":"Tienda Oficial Grupo MasPAQ","url":"https:\/\/grupomaspaq.com\/blog\/","logo":{"@type":"ImageObject","inLanguage":"es","@id":"https:\/\/grupomaspaq.com\/blog\/#\/schema\/logo\/image\/","url":"https:\/\/grupomaspaq.com\/blog\/wp-content\/uploads\/2023\/02\/cropped-logo-grupo-maspaq-512-x-512.jpg","contentUrl":"https:\/\/grupomaspaq.com\/blog\/wp-content\/uploads\/2023\/02\/cropped-logo-grupo-maspaq-512-x-512.jpg","width":512,"height":512,"caption":"Tienda Oficial Grupo MasPAQ"},"image":{"@id":"https:\/\/grupomaspaq.com\/blog\/#\/schema\/logo\/image\/"}}]}},"_links":{"self":[{"href":"https:\/\/grupomaspaq.com\/blog\/wp-json\/wp\/v2\/pages\/1069","targetHints":{"allow":["GET"]}}],"collection":[{"href":"https:\/\/grupomaspaq.com\/blog\/wp-json\/wp\/v2\/pages"}],"about":[{"href":"https:\/\/grupomaspaq.com\/blog\/wp-json\/wp\/v2\/types\/page"}],"author":[{"embeddable":true,"href":"https:\/\/grupomaspaq.com\/blog\/wp-json\/wp\/v2\/users\/1"}],"replies":[{"embeddable":true,"href":"https:\/\/grupomaspaq.com\/blog\/wp-json\/wp\/v2\/comments?post=1069"}],"version-history":[{"count":4,"href":"https:\/\/grupomaspaq.com\/blog\/wp-json\/wp\/v2\/pages\/1069\/revisions"}],"predecessor-version":[{"id":1084,"href":"https:\/\/grupomaspaq.com\/blog\/wp-json\/wp\/v2\/pages\/1069\/revisions\/1084"}],"wp:featuredmedia":[{"embeddable":true,"href":"https:\/\/grupomaspaq.com\/blog\/wp-json\/wp\/v2\/media\/1080"}],"wp:attachment":[{"href":"https:\/\/grupomaspaq.com\/blog\/wp-json\/wp\/v2\/media?parent=1069"}],"curies":[{"name":"wp","href":"https:\/\/api.w.org\/{rel}","templated":true}]}}